d 4468?
2
Calculate the highest common factor of 4718 and 22666.
14
What is the greatest common divisor of 47007 and 54?
27
What is the greatest common divisor of 83610 and 90?
90
What is the highest common factor of 35 and 145?
5
Calculate the highest common divisor of 4099384 and 856.
856
What is the greatest common factor of 293748 and 9100?
364
What is the highest common factor of 9246 and 2010?
402
Calculate the highest common factor of 621 and 23391.
207
What is the highest common factor of 692 and 228014?
346
Calculate the greatest common divisor of 5512 and 1118.
26
Calculate the greatest common factor of 612 and 29852.
68
What is the highest common divisor of 8748 and 34956?
36
Calculate the highest common factor of 11695 and 425.
5
What is the highest common divisor of 616734 and 846?
846
Calculate the highest common divisor of 44 and 58344.
44
What is the greatest common divisor of 49844 and 1836?
68
Calculate the greatest common factor of 43143 and 8077.
197
What is the highest common factor of 101887 and 556?
139
What is the highest common divisor of 63021 and 21?
21
What is the highest common divisor of 24 and 10384?
8
What is the greatest common factor of 121 and 1134617?
121
What is the greatest common factor of 3850 and 3325?
175
What is the greatest common factor of 1884 and 5636?
4
What is the highest common divisor of 921 and 106222?
307
What is the highest common divisor of 15 and 30243?
3
Calculate the greatest common factor of 2873 and 1989.
221
What is the highest common factor of 7640 and 1210?
10
What is the greatest common divisor of 6020 and 12?
4
Calculate the greatest common factor of 184605 and 1085.
155
Calculate the highest common factor of 4305 and 2327570.
1435
Calculate the highest common divisor of 60 and 172820.
20
What is the greatest common factor of 15 and 32943?
3
Calculate the highest common divisor of 442 and 1053.
13
What is the greatest common divisor of 7 and 970039?
7
What is the greatest common divisor of 11293 and 2116?
23
What is the highest common factor of 9568 and 23608?
104
What is the greatest common divisor of 15320 and 320?
40
Calculate the greatest common divisor of 8 and 2578.
2
Calculate the highest common factor of 136782 and 34.
34
Calculate the highest common factor of 4588 and 7316.
124
What is the greatest common divisor of 1197 and 9198?
63
Calculate the highest common divisor of 67292 and 26.
2
Calculate the greatest common divisor of 44736 and 112.
16
Calculate the greatest common factor of 73937 and 214.
107
Calculate the greatest common factor of 540 and 189510.
30
What is the highest common factor of 67 and 1035351?
67
Calculate the greatest common factor of 58 and 3266.
2
Calculate the highest common divisor of 73 and 13758529.
73
What is the highest common factor of 184 and 74842?
46
What is the greatest common divisor of 1025 and 2450?
25
What is the greatest common divisor of 17672 and 22184?
376
What is the highest common factor of 1122 and 1999778?
374
Calculate the greatest common factor of 2195438 and 28.
14
Calculate the greatest common divisor of 5 and 210935.
5
Calculate the greatest common divisor of 2005 and 41303.
401
Calculate the highest common divisor of 53384 and 96.
8
What is the highest common factor of 9 and 139203?
9
Calculate the greatest common factor of 217650 and 290.
10
What is the greatest common divisor of 1455 and 3030?
15
What is the highest common factor of 300 and 1574850?
150
What is the greatest common factor of 3116 and 1520?
76
What is the highest common divisor of 3346560 and 360?
360
What is the greatest common factor of 595 and 62069?
7
Calculate the highest common divisor of 20 and 239290.
10
What is the greatest common factor of 632974 and 382?
382
What is the greatest common divisor of 2890329 and 37?
37
Calculate the greatest common factor of 156 and 4457336.
52
Calculate the highest common divisor of 138 and 6382.
2
Calculate the highest common factor of 184885 and 515.
515
What is the greatest common factor of 7574 and 4942?
14
What is the greatest common divisor of 1188 and 21816?
108
What is the highest common divisor of 405 and 7641?
27
What is the greatest common factor of 4238 and 104?
26
What is the greatest common divisor of 14265 and 135?
45
What is the greatest common divisor of 2072 and 24248?
56
What is the highest common factor of 600 and 353736?
24
Calculate the highest common factor of 260 and 107080.
20
Calculate the greatest common factor of 608 and 664.
8
Calculate the highest common factor of 19817781 and 681.
681
What is the greatest common divisor of 948030 and 60?
30
What is the highest common factor of 600 and 4920?
120
What is the greatest common factor of 66196 and 26?
26
Calculate the highest common divisor of 308 and 68824.
28
Calculate the highest common factor of 24266 and 49635.
1103
What is the highest common divisor of 31175 and 13760?
215
What is the greatest common factor of 29834 and 98?
14
What is the greatest common factor of 67067 and 2431?
143
What is the greatest common factor of 36 and 2916252?
36
Calculate the greatest common divisor of 42 and 833728.
14
Calculate the greatest common divisor of 1908 and 260919.
477
Calculate the highest common divisor of 558 and 172422.
558
What is the highest common divisor of 5205 and 71829?
1041
What is the greatest common divisor of 40 and 10630?
10
Calculate the greatest common factor of 3361275 and 200.
25
Calculate the greatest common divisor of 1175826 and 18.
6
What is the highest common divisor of 5748 and 183?
3
Calculate the highest common factor of 375 and 87945.
15
What is the highest common factor of 34776 and 5336?
184
Calculate the greatest common factor of 1416 and 2325.
3
What is the greatest common factor of 6160 and 1304688?
1232
What is the greatest common factor of 1 and 1999364?
1
What is the greatest common factor of 1464 and 96?
24
Calculate the highest common factor of 66 and 1033131.
33
Calculate the greatest common factor of 532 and 4151.
7
What is the highest common factor of 228 and 33996?
12
Calculate the greatest common divisor of 374 and 64906.
34
Calculate the highest common divisor of 42 and 161350.
14
Calculate the greatest common factor of 30224 and 80.
16
Calculate the highest common factor of 90 and 27198.
18
What is the greatest common factor of 247442 and 4030?
806
Calculate the highest common divisor of 82912 and 16.
16
What is the highest common factor of 35 and 14413?
7
What is the greatest common divisor of 574026 and 6?
6
What is the highest common divisor of 2879 and 107?
1
What is the greatest common divisor of 375914 and 1386?
154
What is the greatest common divisor of 239054 and 1106?
158
What is the greatest common factor of 282 and 31490?
94
Calculate the highest common factor of 10695 and 3405.
15
What is the highest common divisor of 654083 and 131?
131
Calculate the greatest common divisor of 2820965 and 70.
35
Calculate the greatest common divisor of 138767 and 40264.
719
What is the highest common divisor of 1054 and 14875?
17
Calculate the highest common factor of 448 and 35152.
16
Calculate the greatest common factor of 15870 and 120.
30
What is the highest common divisor of 74201 and 1?
1
Calculate the greatest common divisor of 4926 and 300.
6
What is the highest common divisor of 425 and 3564475?
425
What is the highest common factor of 156 and 10092?
12
What is the greatest common divisor of 45 and 1035?
45
What is the highest common factor of 7701 and 51?
51
What is the greatest common divisor of 632 and 2416?
8
What is the highest common divisor of 100 and 99525?
25
Calculate the greatest common divisor of 10827 and 501.
3
Calculate the highest common divisor of 10164 and 27181.
77
What is the highest common divisor of 46089 and 16501?
569
Calculate the greatest common factor of 221235 and 2744.
343
Calculate the highest common factor of 684 and 8379.
171
Calculate the greatest common divisor of 14 and 30291716.
14
What is the highest common divisor of 522478 and 44?
22
Calculate the highest common divisor of 280042 and 7.
7
What is the greatest common factor of 231 and 758989?
77
Calculate the greatest common divisor of 240 and 71190.
30
What is the greatest common factor of 220820 a